7*g + z. What are the prime factors of g?
2, 23
Let t be (9/(-6))/(6/16). Let z = t - 4. Let l = 27 + z. What are the prime factors of l?
19
What are the prime factors of ((-528)/(-72))/((-2)/(-81))?
3, 11
Let n = -489 + 2467. What are the prime factors of n?
2, 23, 43
Suppose n + 2*n - 4*r + 14 = 0, -2*r = 2*n - 14. Suppose -i = -n*i + 17. List the prime factors of i.
17
Let b(c) = -30*c - 3. Suppose -5*u - 7 = 3. Let y be b(u). Let p = y + -11. List the prime factors of p.
2, 23
Let n(h) = -1 - 6*h - 1 - 9*h. Let g be (-183)/45 + (-10)/(-150). List the prime factors of n(g).
2, 29
List the prime factors of (3166/(-4))/(5 + (-33)/6).
1583
Let a = 663 - 311. Suppose a = -4*u - v + 949, -v = -u + 148. What are the prime factors of u?
149
Suppose 0 = 15*j - 20*j + 150. List the prime factors of j.
2, 3, 5
Suppose 1220 = 2*m + m + b, -410 = -m - 2*b. What are the prime factors of m?
2, 7, 29
What are the prime factors of 712*(-1 - 40/(-32))?
2, 89
Suppose 3*d + 4*g - 6*g - 408 = 0, d + g = 141. What are the prime factors of d?
2, 3, 23
Let h(d) = 6*d**2 - 50*d + 171. List the prime factors of h(22).
5, 79
Suppose 5*z + 2*p - 4 = 0, -4*z + 4*p = 5*p - 5. Suppose z*y + 2*l + 4 = 0, 3*y - 2*l = -0*l - 11. What are the prime factors of 4*y/(-12)*4?
2
List the prime factors of (-7 - 531/(-27))*(-30)/(-4).
5, 19
Suppose 25*l - 22*l - 2289 = -3*f, 4*l + 3*f = 3051. What are the prime factors of l?
2, 3, 127
Suppose 0 = -2*w + 6*g - g + 81, -5*w + 290 = 5*g. Let x = w - -8. List the prime factors of x.
61
Let o(a) = 45 + 4*a**2 + a - 5*a**2 + 2*a. What are the prime factors of o(0)?
3, 5
Let p = -25 + 128. Let h = p + -49. List the prime factors of h.
2, 3
Let g be (-231)/12*2*(-238)/7. Suppose -5*m + g = 2*t + 297, 8 = -2*t. List the prime factors of m.
2, 3, 17
Let x = 33 - 28. Suppose b = -b - 4*p + 200, -x*b + 489 = -p. What are the prime factors of b?
2, 7
Let m(k) = -k**2 - 10*k - 15. Let f be m(-5). Suppose 530 + 470 = f*p. What are the prime factors of p?
2, 5
Let j(g) = 3*g. Suppose 3*q + 5*o + 7 + 10 = 0, -4*q = o. Let f be j(q). Suppose -3*k + 3*x = -186, -5*k + f*x = -10*k + 294. What are the prime factors of k?
2, 3, 5
Let k be ((-3)/9)/(1/3). What are the prime factors of (6 + -6 + 2)/(k/(-37))?
2, 37
Suppose 0 = l + 3*l - 5*u - 36, -5*l + 28 = -2*u. Suppose -7*p = -l*p - 225. What are the prime factors of p?
3, 5
Let k be (-4)/6*1/(-4)*-6. What are the prime factors of (k - -1) + 148 + 3?
151
Suppose -n + 3*t = 7, 1 + 7 = 2*n + 5*t. Let b be (-635)/(-10) + n/(-2). Let w = b + -25. List the prime factors of w.
3, 13
Suppose 6*p = -1 + 475. Let d = p + -52. What are the prime factors of d?
3
Let v be (-3 - 1)*(-4)/32*10. Suppose 0 = -2*o - 6*m + m + 53, -o + v*m + 49 = 0. List the prime factors of o.
2, 17
Let k(u) = 5*u - 7. Let x be k(-20). Let a = x + 417. Suppose a = 4*q + 58. What are the prime factors of q?
3, 7
Let x be 0 + -3*(-1 + 12). Let b be -2 - (x/3 + 3). Let o(w) = w - 4. List the prime factors of o(b).
2
Suppose 6*u = 21*u - 44790. What are the prime factors of u?
2, 1493
Suppose n - 80 = -236. Let o be 0 + (-1)/(1/n). Suppose 2*c = 4*r + 42 + 48, 4*c - 2*r - o = 0. What are the prime factors of c?
37
Let t(r) = -6*r**2 + r**3 + 24*r**2 + 4*r - 2 + 27. Let m be t(-18). Let b = -30 - m. What are the prime factors of b?
17
Let g = 891 - 510. What are the prime factors of g?
3, 127
Let b(f) = 20*f + 12. Let o be b(5). Let t = 123 - o. What are the prime factors of t?
11
Suppose -4*b = 5 - 245. Let n = -1 + b. What are the prime factors of n?
59
Let d(s) = 2*s - 34. Let n be d(-11). Let f = 4 - n. List the prime factors of f.
2, 3, 5
Let n(r) = -r**3 - 12*r**2 + 20*r - 27. List the prime factors of n(-15).
2, 3, 29
Let o = -11 + 3. Let g = -2 - o. Suppose m = g*m - 130. What are the prime factors of m?
2, 13
Suppose 4*w - 421 = 115. List the prime factors of w.
2, 67
Suppose 0 = 2*d + 5*q + 78, -q + 166 = -4*d - 6*q. Let v = d - -204. Suppose -28 = 3*h - v. What are the prime factors of h?
2, 11
Suppose 5*a = 58 + 42. Let g = a + 15. List the prime factors of g.
5, 7
Suppose -128 - 7 = -5*c + 5*t, 0 = -4*c + t + 108. Let o(l) = 2*l**2 - 48*l + 10. List the prime factors of o(c).
2, 43
Let v be (-4)/(-6) - 1694/(-33). Let z = v + -31. What are the prime factors of z?
3, 7
Let l(x) = x**2 + 2*x - 6. Let r be l(-4). Suppose 0*o + 2*o - 2*p - 118 = 0, p = r*o - 121. Suppose -3*f + 5*f - o = 0. What are the prime factors of f?
31
Let g(j) = -j**3 + 3. Let f be g(0). Suppose -5*k - 1 = -466. Suppose f*m + k = 3*h + 6*m, h = 3*m + 47. List the prime factors of h.
5, 7
Let m = 3 + 1. Suppose -5*g - 64 - 536 = -5*f, 4*f + m*g - 496 = 0. What are the prime factors of f?
2, 61
Let j = 2 + 470. List the prime factors of j.
2, 59
Let h be (-1)/3 + (-196)/42. Let b(q) = q**2 + 4*q + 5. List the prime factors of b(h).
2, 5
Let b = -1956 + 2671. List the prime factors of b.
5, 11, 13
Let a(v) = 4*v**2 - 4. Let c be ((2 + 0)/2)/(1/(-2)). List the prime factors of a(c).
2, 3
Suppose 0 = -17*v + 20330 + 58669. What are the prime factors of v?
3, 1549
What are the prime factors of (10/4 - -1)*648632/1246?
2, 911
Let a(h) = h**2 + 4*h - 10. Suppose 0 = -5*o - 3 + 23. List the prime factors of a(o).
2, 11
Suppose -6*y = -11*y - 20. Let i be -2 - -1*(-92)/y. Suppose -2*t = 4*b - 196, -4*b - 5*t + i + 181 = 0. What are the prime factors of b?
2, 3
Suppose -675 = -3*v + 8*v. Let o = 96 - 157. Let x = o - v. List the prime factors of x.
2, 37
List the prime factors of ((-345)/(-92))/((-6)/(-7032)).
3, 5, 293
Let u be ((-27)/(-18))/(1/(-2)). List the prime factors of ((-6)/4 - u)*24.
2, 3
Let l = -3165 + 5085. Suppose 3*s + l = 13*s. What are the prime factors of s?
2, 3
Suppose 3*u + 1420 = 23*u. What are the prime factors of u?
71
Let b = 16 + -12. Suppose 4*m - 135 = 377. Suppose b*o - m = -0*o. What are the prime factors of o?
2
Suppose -4*s = s - 40. Let m = -2 + 4. Suppose 5*p = d - 0*d - 4, -m*d = 3*p - s. What are the prime factors of d?
2
Let n(r) = 43*r - 12*r - 17*r + r**2 - 15*r. Suppose -3*k + 3*u = -2*k - 2, -2*u - 4 = 0. List the prime factors of n(k).
2, 5
Let p be (16/20)/((-4)/20). List the prime factors of -8*(18/p - 4).
2, 17
Suppose -3*z + 2251 = 880. List the prime factors of z.
457
Suppose -17*i + 16*i - 360 = -2*q, -899 = -5*q + 2*i. What are the prime factors of q?
179
Let n = 5 + -1. Suppose 4*r = 3*f - r + 14, 4 = -n*f + 3*r. Let m(g) = 15*g. What are the prime factors of m(f)?
2, 3, 5
Suppose 0 = n + g - 56, -3*n + 110 = -n + 4*g. Suppose a + 5*j - n = 0, -5*a + 276 = -j - 113. List the prime factors of a.
7, 11
Let o be ((-14)/4)/7*8. Let u = -2 - o. Suppose 2*n - u = 60. What are the prime factors of n?
31
Suppose j = 5*j - 8. Suppose -4*d + 28 = -n, j = 5*d - 5*n - 18. Let z = d + 9. What are the prime factors of z?
17
Let j = -413 - -723. Suppose -2*x = x + 4*r - j, 3*x + 2*r - 314 = 0. List the prime factors of x.
2, 53
Let q(f) = -10*f - 36. Let y = -79 + 71. What are the prime factors of q(y)?
2, 11
Let z(c) = 2*c**2 - 13*c - 22. List the prime factors of z(-17).
3, 7, 37
List the prime factors of (-1213)/(2/(-7 + 5)).
1213
Let a(w) = -31*w + 0*w**2 - w**2 + 21*w. Let i be a(-7). Suppose 0 = -2*b + 5*b - i. List the prime factors of b.
7
Suppose -295 - 85 = 5*t. Let v be t/(-14) - 12/28. Suppose -2*a = -v*a + 51. What are the prime factors of a?
17
Let w be 1/((-3)/(-15)*1). Suppose -5*v - 15 = -3*o, w*v + 6 - 1 = o. Suppose 3*q = 3*t + 51, 3 = o*q + t - 64. What are the prime factors of q?
2, 7
What are the prime factors of 856 + -11 + 2 + 0?
7, 11
List the prime factors of 16158/10*(-725)/(-435).
2693
What are the prime factors of (-702)/(-5)*(2 + (-3)/(-6))?
3, 13
Suppose -12*x + 7942 = -1502. List the prime factors of x.
787
Let v = 3782 + -1773. What are the prime factors of v?
7, 41
What are the prime factors of 24/48 + 4/(-16)*-15418?
3, 5, 257
Let b(o) = -3*o + 5*o - 7 - 1. Let x be b(-9). Let z = 58 + x. List the prime factors of z.
2
Let f be 280/30 - 1/3. Suppose -4*j + 9 = 3*t, 3*j + 2*t + 2 = f. Suppose -4*w + 124 = -3*p - p, -2*w = j*p - 72. What are the prime factors of w?
3, 11
Let h(o) = -o**2 + 30*o + 38. What are the prime factors of h(22)?
2, 107
Suppose -6*f = f - 266. Let n be 26/117 - f/9. What